the remainder when j is divided by 7.
4
Let k = 163 - 148. Calculate the remainder when 43 is divided by k.
13
Let o = 30 + -15. Suppose r - 44 - 9 = -2*d, -o = -5*r. Calculate the remainder when d is divided by 7.
4
Let y = 57 + -39. What is the remainder when 71 is divided by y?
17
Let l(t) = -9*t**3 - 2*t**2 - t. Suppose 5*k + 5*s + 60 = 0, 8 = -k - 0*s + s. Calculate the remainder when (k - 1)/(2/(-4)) is divided by l(-1).
6
Suppose -s - 4*s = x - 11, 4*s - 24 = 3*x. Calculate the remainder when 10 is divided by 1 - (-6)/x*-2.
2
Let v(t) = -21*t**3 - 2*t**2 - t + 1. Let u be v(-1). Let k = -4 + u. Calculate the remainder when 66 is divided by k.
15
Let j(p) = -2*p**3 + p**2 - 4*p - 2. Suppose 6 = 3*u - 5*u. Let d(o) = -o**2 + 10*o - 2. Calculate the remainder when j(u) is divided by d(7).
16
Let d = -2 + 3. Let v = -13 - -15. Suppose v = -3*o + 5*o. Calculate the remainder when d is divided by o.
0
What is the remainder when 51 is divided by (32/(-24))/((-4)/78)?
25
Let k be (-4)/(-14) + 198/42. Suppose -4*a = -k*a + 3. What is the remainder when 7 is divided by a?
1
Suppose -4*v + 240 = -240. Let f = v - 80. Calculate the remainder when f is divided by 14.
12
Suppose 2 = 3*y - 37. Let d = 23 - -14. What is the remainder when d is divided by y?
11
Let i = -2 + -1. Let p(c) = -3*c - 6. What is the remainder when 12 is divided by p(i)?
0
Suppose t - 17 = -2*z, z + 3*t = -2*z + 30. Calculate the remainder when 18 is divided by z.
4
Let j = -8 - -23. Calculate the remainder when j is divided by 9.
6
Let b = 65 + -48. What is the remainder when 65 is divided by b?
14
Let h(j) = 3 - 2*j + 10*j - 2 - j**2. Let o(t) = -t + 13. Calculate the remainder when h(6) is divided by o(6).
6
Let j be 1/1*0/4. Suppose 18 + 33 = 3*i. Calculate the remainder when i is divided by 1/(-2)*(-12 + j).
5
Suppose -4*q - 581 = -5*o - 0*q, -4*o = 4*q - 472. Suppose -4 = -2*t - 10. What is the remainder when (o/(-6))/t*2 is divided by 8?
5
Let r be 1*3/(-3 - -2). Calculate the remainder when -93*r/9*1 is divided by 16.
15
Let j(g) = 2*g**2 + 2*g - 7. Calculate the remainder when 32 is divided by j(-4).
15
Let p = -72 + 99. Calculate the remainder when p is divided by 4.
3
Suppose 4*s = -5*b + 62, s + 2*b + 48 = 5*s. Calculate the remainder when s is divided by 4.
1
Suppose 59 = 5*i - 46. Calculate the remainder when 61 is divided by i.
19
Let t = 102 - 25. Calculate the remainder when t is divided by (-464)/(-18) - (-4)/18.
25
Suppose 3*d = 1091 - 1007. Suppose -2*k + 12 - 4 = 4*q, 4*q = -4. What is the remainder when d is divided by k?
4
What is the remainder when ((-108)/(-135))/(4/950) is divided by 32?
30
Suppose -4*j - 6 - 37 = -s, -4*j = s - 35. Calculate the remainder when s is divided by 10.
9
Let i(o) = 2*o - 6. Let h be i(8). Suppose -3*f + 4*f + a - 3 = 0, -4*f + 2*a + 30 = 0. Calculate the remainder when 15/h*4/f is divided by 1.
0
Let a(u) = u**2 + 7*u - 35. Calculate the remainder when 72 is divided by a(5).
22
Let h(r) = -r**3 - 4*r**2 + 2*r - 9. Calculate the remainder when 34 is divided by h(-5).
4
Let m = 3 - 1. Suppose 0 = 2*g - m*t - 26, 2*g + 0*g = t + 27. What is the remainder when -2 - (-81)/((-9)/(-3)) is divided by g?
11
Suppose -2*l + 106 = -g + 4*g, 4*g - 144 = -4*l. Suppose -5*u + g + 51 = 0. Calculate the remainder when u is divided by 5.
2
Let h be 4/22 - 62/(-22). Let c = -8 - -13. Suppose -30 = -h*i - a, i + 3 + 1 = -c*a. What is the remainder when 32 is divided by i?
10
Suppose 0*m - 3*i + 15 = 3*m, -3*i + 11 = m. Suppose 3*r + 117 = 4*k, 6*r = -4*k + m*r + 96. Calculate the remainder when k is divided by 236/16 + 3/12.
12
Suppose 6*b - 105 = 3*b. What is the remainder when b is divided by 9?
8
Let o(b) = b + 2. Let n be o(8). Suppose 19 = v + 2*m, 4*m + m = -n. What is the remainder when v is divided by 12?
11
Let j = 15 - 3. Let i(x) = x**3 - x**2 - x + 2. Let c be i(0). Suppose -3*f + 35 = -c*f. Calculate the remainder when f is divided by j.
11
Suppose 22*r - 200 = 17*r. Calculate the remainder when r is divided by 9.
4
Suppose -4*d = -d + h - 11, 0 = -3*d + 4*h + 31. Let r(m) = 3*m + 4. Calculate the remainder when r(3) is divided by d.
3
Let b(h) = -h - 2. What is the remainder when b(-7) is divided by 3?
2
Suppose 385 = 4*x + 93. Suppose u = -4*r + 18, 0 = -4*u - u + 5*r - 10. Suppose -s = -u*s + 25. What is the remainder when x is divided by s?
23
Let i be 1*-1*2*3. Let k(v) = 2*v**2 + 3*v + 5 - 9 + 3*v**2 - 4*v**2. Calculate the remainder when 27 is divided by k(i).
13
Suppose 2*h = -2*h + 8. Suppose -20 = -2*r - h*r. Suppose b + 2*u - 18 = 0, u - 2*u - 11 = -2*b. What is the remainder when b is divided by r?
3
Suppose -11 = -5*r - 1. Calculate the remainder when 56 is divided by (-3 + 39)/r - -1.
18
Let p = 24 + -16. What is the remainder when 13 is divided by p?
5
Let l = 25 - 23. Suppose -3*v + 1 = -l*v. Calculate the remainder when 3 is divided by v.
0
Suppose -w + 5 = -d, -5*d = -2*w + 14 - 7. Let f = 11 - -6. Calculate the remainder when f is divided by w.
5
Suppose 3*y = 2*b + 35, -b = -6*b + 10. Suppose 6*z = 10*z - 28. What is the remainder when y is divided by z?
6
Let q(t) = t**3 + 6*t**2 + 5*t + 5. Let z be q(-5). Let o be 37/z + (-4)/10. Let g(y) = -y**2 + 9*y - 2. What is the remainder when 35 is divided by g(o)?
11
Let p(t) = -t**3 + 8*t**2 - 6*t - 6. Let h(g) = 3*g - 2. Let r be h(-2). Let o = 15 + r. What is the remainder when 2 is divided by p(o)?
0
Suppose 0*b - 3*b = -15. What is the remainder when 19 is divided by b?
4
Suppose 0 = -4*b + 4*y + 244, -b + y - 4*y + 53 = 0. Suppose 4*l - 4*k - b = l, 64 = 3*l - 5*k. Calculate the remainder when 37 is divided by l.
11
Let p(u) = 6*u**2 - u - 2. Calculate the remainder when p(5) is divided by 18.
17
Let g(n) = -2*n + n**2 - 6 - 10*n - 2*n**2. Let s(q) = -3*q + 3. Let k be s(3). What is the remainder when g(k) is divided by 8?
6
Suppose 4*n + 4*d = 136, 0*n + 72 = 2*n + 4*d. Suppose 0*c = -4*c - n. Let s(j) = j**2 + 5*j - 9. What is the remainder when 28 is divided by s(c)?
13
Calculate the remainder when (150/(-40))/(3/(-20)) is divided by 7.
4
Let i = 116 - 112. Suppose a = 5*a - 36. What is the remainder when a is divided by i?
1
Suppose 242 = 6*b + 62. What is the remainder when b is divided by 11?
8
Let x(p) = p**3 + 3*p**2 - 5*p - 2. Let d be x(-4). Suppose -g = b - 5, 19 = d*g + 4*b + 1. Calculate the remainder when (6/15)/((-1)/(-5)) is divided by g.
0
Let t = 11 - 4. What is the remainder when 3 is divided by 6 - 0 - (t - 4)?
0
Let c(f) = -11*f - 13. Calculate the remainder when c(-3) is divided by 8.
4
Suppose -2*a - 16 = 2*a. Let q = 17 + a. What is the remainder when (-4)/10 + (-702)/(-30) is divided by q?
10
Suppose q + 2*c = 72, -2*q + 5*c = 2*q - 275. Calculate the remainder when q is divided by 18.
16
Suppose 4*d - 28 + 9 = -z, -2*d = 3*z - 7. Suppose d + 13 = x + 3*w, -2*x = 4*w - 44. What is the remainder when x is divided by 16?
14
Let b be (-70)/6 - 2/6. Let y(x) = -4*x + 10. What is the remainder when y(b) is divided by 20?
18
Let p = -51 - -60. What is the remainder when p is divided by 7?
2
Let q(w) = 2*w**3 + w**2 - w + 1. Let g be q(-3). Let k = -24 - g. What is the remainder when 31 is divided by k?
14
Let h(p) be the second derivative of -p**4/12 + 7*p**3/3 + 5*p**2 + p. Let j(l) = -l + 7. Let r be j(0). Calculate the remainder when h(r) is divided by 15.
14
Let q = 14 + -7. Suppose 110 = 5*y + m, -3*y = 37*m - 36*m - 64. What is the remainder when y is divided by q?
2
Let p = -7 - -16. Calculate the remainder when 17 is divided by p.
8
Let d(h) = -h + 29. Let k(j) = 20*j**2 - 4*j - 3. Calculate the remainder when k(-2) is divided by d(7).
19
Let a = 12 - -3. What is the remainder when (7 - 3) + 27 - 4 is divided by a?
12
Calculate the remainder when (12 - 12) + 37 + 0 is divided by (-291)/(-15) - 4/10.
18
Let h = 2 - 10. Let m = 19 + h. What is the remainder when 20 is divided by m?
9
Let z = -3 - -5. What is the remainder when 1 + 28 + (z - 4) is divided by 14?
13
Suppose 3*w + d - 10 = 0, -5*d + 15 = -w - 3. Let p be -1 + (-2)/w + 0. What is the remainder when 10 is divided by (1 - 4) + (-18)/p?
4
What is the remainder when 38 is divided by (-6)/(-27) + 124/9?
10
Suppose 4*n + 3 = 7, 93 = 3*s + 3*n. Calculate the remainder when s